) = 4*y**3 - y**2 + y + 2. Let f(r) = -r**3 - r**2 + r + 1. Let t(g) = 3*f(g) + z(g). What is the tens digit of t(s)?
2
Suppose -109 = -5*u - 4*c, c + 0 = -4. What is the tens digit of u?
2
Let n(f) = -f**2 + 2. Let b be n(3). Let g = 19 + b. What is the units digit of g?
2
Let j(y) = y**2 + 6*y + 9. Suppose -2*o + 0*i = -3*i + 19, 2*o + 3*i + 13 = 0. What is the tens digit of j(o)?
2
Let j(c) = 16 + 0*c - 4*c + 3*c. Let g be j(8). Suppose y + 0 = g. What is the units digit of y?
8
Let h = 0 + 1. Suppose -h - 11 = -4*x, -2*s = 2*x - 12. Suppose -44 = -7*f + s*f. What is the units digit of f?
1
Suppose 5*q + 7 - 487 = 0. What is the units digit of q?
6
Suppose -230 = -3*l - 2*l. What is the tens digit of l?
4
Suppose -c = -5*r - 15, 2*r = -4*c - r + 14. Suppose 0*h + c = -5*h. What is the units digit of h/(-2*(-2)/(-44))?
1
Suppose l - 1 = 4. Suppose 3*x + l = -2*x. Let s(o) = -8*o**3 - o**2 + 1. What is the units digit of s(x)?
8
Suppose -2*o = -4*l - 47 + 455, -2*l + 204 = -4*o. What is the hundreds digit of l?
1
Suppose -5*o - 33 - 24 = 2*b, -5*b - 16 = o. Let k(n) = 15*n**2 - 3 + 0*n + n**3 - 2*n - 4*n**2. What is the units digit of k(o)?
9
Let m(o) = o**3 + 6*o**2 + o - 3. Suppose 0 = -0*h - h + 4*w + 9, w + 15 = -4*h. What is the units digit of m(h)?
1
Let y(q) = q**2 + q. Let g be y(2). Let l be 5 - g - (1 + 1). Let n = l - -8. What is the units digit of n?
5
Let a(h) = -h**2 - 6*h + 3. Let y be (-200)/35 - (-2)/(-7). What is the units digit of a(y)?
3
Let l be (-7)/14 + 198/4. Let x = -30 + l. What is the tens digit of x?
1
Let j be (-3 + 1)*(1 - 2). Suppose -j*n - s + 30 = 0, 0 = 4*n - 3*s - 10 - 30. What is the tens digit of n?
1
Let v = -49 + 72. What is the units digit of v?
3
Suppose d + x + 0*x + 17 = 0, 3*x + 15 = 0. Let y(q) = -2*q + 1. What is the tens digit of y(d)?
2
Suppose -34 = -0*k - k. Suppose 21 = 5*v - k. What is the units digit of v?
1
Let o(z) = -z**3 + 4*z**2 + 4*z + 1. Let t be o(5). Let w = 16 - t. What is the units digit of w?
0
Let d(j) = j**2 + 12*j - 10. Let t be d(-13). Suppose 4*z = -5*g + 109, -g = t*g + 5*z - 89. What is the units digit of g?
1
Let t(l) = -9*l - 13. What is the units digit of t(-6)?
1
Let k(d) = -d**3 + 16*d**2 - 14*d + 20. What is the units digit of k(15)?
5
Let k(h) = h**3 - 13*h**2 - 16*h + 15. What is the tens digit of k(15)?
2
Let i be 6 + 0 - (4 + -2). Suppose -2*a = -4*c - 3*a + 80, 0 = 4*a. Suppose d = -i*k - 3 + c, -4*d + 5 = -5*k. What is the units digit of k?
3
Let z(v) = -4*v - 12. Let q be z(-9). Suppose -5*d = -41 - q. What is the tens digit of d?
1
Let g be ((-12)/(-10))/(3/30). What is the tens digit of 2/(-4) - (-714)/g?
5
What is the units digit of 1 + 1 - (-12)/3?
6
Suppose 0 = 2*d - 3*p - 42, -4*p + 26 = 4*d - 18. What is the units digit of d?
5
Suppose -65 = -2*k + 3*l + 2*l, 1 = -l. What is the units digit of k?
0
Let z = 184 - 130. What is the tens digit of z?
5
Let z(s) = 43*s - 2. What is the tens digit of z(5)?
1
Suppose -2*k - 8 = 2*k. What is the units digit of k/(2/8*-2)?
4
Let s(z) = z**3 + 3*z**2 + 1. Let g be s(-2). Suppose -2*h + g*m + 2 = 0, 0*h + 5*h - 2*m - 47 = 0. What is the units digit of h?
1
Let f be 1/1*-6*1. Let p = f + 27. What is the units digit of p?
1
Suppose h - 29 = -2*s, -3*h + 7*s - 2*s = -76. Let m = -19 + h. What is the units digit of m?
8
Let p(u) = -u**2 - 6*u + 3. Let i be p(-5). Let t(o) = -o**3 + 7*o**2 + 10*o - 4. What is the tens digit of t(i)?
1
Suppose -14*o + 925 = -9*o. What is the units digit of o?
5
Let y(a) = -a**2 + 6*a - 9. Let u be y(6). What is the units digit of (42/u)/(2/(-3))?
7
Suppose 3055 = 18*p + 319. What is the units digit of p?
2
Let h(m) = -m**3 - 4*m**2 - 3*m + 9. Suppose -2*q + q = 5. Let r(f) = -f**3 - 3*f**2 - 4*f + 10. Let x(t) = q*h(t) + 4*r(t). What is the units digit of x(-8)?
3
Let l(u) = 91*u**3 - u**2 + 2*u - 1. What is the units digit of l(1)?
1
Let i(p) = p**2 - 4*p - 8. What is the units digit of i(8)?
4
Suppose -4*g + g = -4*q - 8, 3*q = -2*g - 6. What is the tens digit of ((-19)/q)/(2/4)?
1
Let j = 8 - 6. What is the units digit of (240/8)/(4/j)?
5
Let n(h) = -10*h. Let m be n(-1). Let p be 38/14 + m/35. Suppose 0 = -p*x - 1 + 22. What is the units digit of x?
7
Let j(o) = -o**2 - 13*o + 2. Let u be j(-6). What is the tens digit of (u/(-20))/((-2)/10)?
1
Let d = 26 + 48. What is the tens digit of d?
7
Let m = -13 - -24. Suppose m = 2*s - 5*b - 7, 5*b = -10. What is the units digit of s?
4
Suppose 0*t = -3*t. Suppose m - 4*m = t. Suppose 0*n = 4*q + 3*n - 26, -2*n - 4 = m. What is the units digit of q?
8
Let q(k) = -k**3 - k**2 - k + 6. Let v be q(0). Let x = v + 7. What is the units digit of x?
3
Let b = 86 + -53. What is the units digit of b?
3
Let j be 4*-3*4/(-6). What is the units digit of (-3)/((j/4)/(-12))?
8
What is the units digit of (0/3 + -1)*-23?
3
Suppose -l - l + 18 = 4*j, 3*j = -5*l + 52. Suppose -4*v - l = 1. What is the tens digit of 30/(-2*3/v)?
1
What is the units digit of 4/28 - 660/(-35)?
9
Let g(p) be the second derivative of p**4/12 + p**3/2 + 2*p. Let o be g(-4). Suppose o*k - 3*a - a = 60, 5*k = a + 55. What is the tens digit of k?
1
Let a(n) = 6*n - 2. Let c be a(-2). Let q = 19 + c. What is the units digit of q?
5
Suppose 0 = -2*x - r + 57, -r = -x + 4*x - 86. Let z be -2 + 4 + -2 - -18. Let n = x - z. What is the units digit of n?
1
Let u = -1 + 1. Suppose -3*m + 4*c + u*c + 14 = 0, -5*m = -5*c - 20. What is the units digit of m?
2
What is the tens digit of -1*(-3 + 5/(-5)) + 182?
8
Let t = 530 + -263. What is the hundreds digit of t?
2
Let y be ((-21)/(-6) + -2)*-4. What is the units digit of 0 + (-1 - y) + 2?
7
Suppose 4*d + z - 69 = -2*z, -3*d - 4*z + 50 = 0. What is the tens digit of d?
1
Let f = 7 + -13. Let i = -5 - f. What is the units digit of i?
1
Let n(w) = 2*w**3 - 3*w**2 - 7*w + 1. What is the tens digit of n(4)?
5
Suppose 4*r + 8 = 28. Suppose 0 = -r*s + 56 + 29. What is the units digit of s?
7
What is the units digit of -4 + (-6)/(-4) + 302/4?
3
Let q(n) = -n**3 + 15*n**2 + 18*n + 6. Let i be q(16). Suppose -i = -3*h + 19. What is the units digit of h?
9
Suppose 3*v - 198 = 39. What is the units digit of v?
9
Let v(o) = -o**3 + 6*o**2 + 4*o - 6. Let c be v(6). Suppose 0 = -t - 5*j + c, -2*j = -j + 3. What is the tens digit of t?
3
Suppose -y + 31 = 2*y + 2*l, -40 = -4*y - 4*l. Suppose -3*f + 36 = -5*p + f, -p - 20 = -4*f. Let q = p + y. What is the units digit of q?
7
Let v(q) = -4*q + 5. What is the units digit of v(-3)?
7
Let w be 8/6*(-4 + 1). Let o be ((-6)/(-4))/((-3)/w). Suppose -i + 3 = -o. What is the units digit of i?
5
Suppose 0*b = -o - b + 6, 3*o + b = 10. Suppose o*v + 10 = -3*v, 2*v + 15 = k. What is the tens digit of k?
1
Suppose 0 = -6*f + f + 330. What is the tens digit of f?
6
Let p = 3 + 0. Suppose -2*c - p*c - 20 = -n, 5*n - 2*c = 31. Suppose -b - 29 = -5*u - n*b, u - 3 = 2*b. What is the units digit of u?
5
Suppose 137 = 5*t + 7. What is the units digit of t?
6
Let s(c) = c. Let u be s(2). Suppose 40 = u*o - 8. What is the units digit of o?
4
Let u(k) = -k**3 + k**2 - k - 1. Suppose -n + 9 = -5*f, 4*f = 3*n + 3*f + 1. What is the units digit of u(n)?
2
Suppose 6*t - 92 = 2*t. Suppose 0 = -2*m - 5*h + t, 4*m + 0*m - 2*h = 10. What is the units digit of m?
4
Let a be 295/3 - (-1)/(-3). Let b = a - 63. What is the units digit of b?
5
Suppose -s + 3*b + 68 = -175, 0 = -b + 3. What is the tens digit of s?
5
Suppose 10 = -5*w - 0*w. Let x be w - ((-6)/3 - 10). Suppose -2 - x = -c. What is the units digit of c?
2
Let v = -12 - -77. Suppose k + v = 6*k. What is the units digit of k?
3
Let i(a) = 2*a**2 + a**2 + 2*a**2 - 6*a - 1 - 6*a**2. What is the units digit of i(-5)?
4
Suppose 5*a - 24 = -3*z, -3*a - 9 = -2*z - 4*a. Suppose -15 = -8*r + z*r. What is the units digit of r?
3
Let x(g) = -5*g - 6. Let w be x(5). Let u = -15 - w. What is the tens digit of u?
1
Let v be 44/20 + 1/(-5). Suppose -3*b = -5*k - 21, 0 = 2*b + 2*k + 3 - 1. Let s = b + v. What is the units digit of s?
4
Suppose -104 = j - 2*j. What is the hundreds digit of j?
1
Let a = 3 - -9. What is the tens digit of a?
1
Suppose 0 = -0*j + j + 6. Let p(q) = q**2 + 7*q + 6. Let m be p(j). Let a = 11 - m. What is the tens digit of a?
1
Suppose 3*y - 122 = 4*v, -2*v - 5 = -1. W